p?
1
Suppose -54*w + 49*w + 3255 = 0. What is the units digit of w?
1
Suppose -m + 1366 = 2*m + 4*y, -5*m + 3*y = -2296. What is the tens digit of m?
5
Suppose 0 = -3*r - 4*v - 48 + 236, 0 = v + 1. Suppose 0 = -9*q + 892 - r. What is the units digit of q?
2
Let t(s) = s**2 + s - 2. Let w be t(-4). Let b be 1/(-2) + (-5)/w. Let m = 12 - b. What is the tens digit of m?
1
Let s = 18 + -32. Let a = s + 28. Let c(p) = -p**2 + 17*p - 20. What is the tens digit of c(a)?
2
What is the hundreds digit of (1 + 4 - 6)/((-2)/478)?
2
Suppose -q = -2*o + 7964, -113*o + q = -114*o + 3979. What is the units digit of o?
1
Let l be (18/15)/((-12)/(-160)). Let j(z) = -z**2 - 11*z - 6. Let b be j(-9). Let k = b + l. What is the units digit of k?
8
Suppose -80 = -13*z + 11*z. Let h = z - -132. What is the tens digit of h?
7
Let w(z) = -7*z**2 - 3*z - 7. Let k(g) = 13*g**2 + 6*g + 13. Let u(l) = -6*k(l) - 11*w(l). Let x be u(-3). Let o = x - -31. What is the units digit of o?
0
Suppose -2*k = -11 - 1. Let i(u) = 17*u - 68. What is the tens digit of i(k)?
3
What is the tens digit of (-17536)/(-32)*(2 - 1)?
4
Let u(s) = -2*s**2 + 52*s + 77. What is the hundreds digit of u(23)?
2
Let h(s) = -s**3 + 7*s**2 - 5*s + 1. Let o be h(6). Suppose -561 = -38*k + 313. Suppose 0 = o*j - 47 - k. What is the tens digit of j?
1
Suppose 23*v + 320 = 24*v. What is the hundreds digit of v?
3
Let c(a) = -a**2 + 2*a. Let s be c(4). Let z = 11 + s. Let l = 0 + z. What is the units digit of l?
3
Let x = -38 + 66. Suppose -18*u = -14*u - x. Suppose u*z + 27 = 10*z. What is the units digit of z?
9
Let q(j) = -j + 7. Let p be q(0). Let s(n) = -3 + p - 1 + n + 10. What is the units digit of s(-6)?
7
Let w be 14/35 + 28/5. Suppose 0 = -w*i + 25 - 1. Suppose -i*f - 6*y = -2*y - 136, 154 = 4*f - 2*y. What is the tens digit of f?
3
Suppose 2*z - 8 = 0, x - 2*z = 12 + 1. Suppose -5*h + 9 = -x. What is the units digit of h?
6
Let i(m) = 123*m + 4. Let d be i(2). Let t = -166 + d. Suppose 0 = 6*v + 6 - t. What is the units digit of v?
3
Let z(d) = d**2 - 2*d - 3. Let m be z(3). Let v(h) = -h**3 + m*h - 6*h + 0*h**2 + 7 + 6*h**2. What is the units digit of v(5)?
2
Let u = 22 - 29. Let q(r) = 3*r**2 + 4*r - 5. What is the tens digit of q(u)?
1
Suppose -7*x + 2*x - 22 = -2*o, 2*o + 32 = -4*x. Let u = x - -11. Suppose 3*v + u*y = 147, -v + 117 = 2*v - 5*y. What is the tens digit of v?
4
Suppose 0 = 4*k - 38 - 26. Let v be 5/40 - (-110)/k. What is the units digit of (-6 + v)/(2/16)?
8
Let x = 21 + -15. What is the tens digit of 261/x - 6/(-4)?
4
Let a = -8 + 16. Suppose 3*f = 5*f + a. Let u(i) = -2*i. What is the units digit of u(f)?
8
Suppose 5*y - i - 8 - 12 = 0, 5*y + i - 20 = 0. Suppose 0 = -2*z + 2 + 2, -y*q - 22 = 3*z. What is the units digit of 14/21 + q/(-3)?
3
Suppose -10*k = k - 4257. What is the units digit of k?
7
Let w(z) = z - 2. Let i be w(4). Suppose 3*l - u = 195, l + u = i*u + 67. What is the tens digit of l?
6
Let y be (-54 - -60) + -11 + -1. Suppose 12 = -0*r + 3*r. What is the units digit of y/r*36/(-2)?
7
Suppose -10*u + 2373 + 3447 = 0. What is the units digit of u?
2
Let r(m) = -4 + 2 + 66*m - 1 + 1 - 13*m. Suppose 0 = 4*y - a - 0 - 2, -4*y + 12 = 4*a. What is the units digit of r(y)?
1
What is the tens digit of 14220/54 - 5/15?
6
Let z = 22 + -22. Suppose 4*u - 11 - 17 = z. What is the units digit of u?
7
Let q = 527 - 375. What is the hundreds digit of q?
1
Suppose 0*h = -3*h + 39. Let t = 15 - h. Suppose -3*l + 115 = t*l + 2*w, -2*w + 10 = 0. What is the units digit of l?
1
Let r be (-1)/2 + (-1332)/(-24). Suppose 20 = j - 3*f, -3*j + 30 = -4*f - r. What is the units digit of j?
5
Suppose 4*j + 1297 = 2*b + 5555, -j = 3*b - 1047. What is the units digit of j?
2
What is the tens digit of (-2152)/(-22) - (-2 - 60/(-33))?
9
Let b(s) = -779*s**3 + 3*s**2 - 1. What is the tens digit of b(-1)?
8
Let p be 59*-4*(5 - 4). Let z = -132 - p. What is the units digit of z?
4
What is the tens digit of (-8)/(4 - (-3171)/(-791))?
0
Suppose 0 = -17*a + 21*a. Suppose -11*q + 16*q - 865 = a. What is the tens digit of q?
7
What is the hundreds digit of (15/10)/(32985/5496 + -6)?
9
Suppose 21*u + 6*u = 13122. What is the hundreds digit of u?
4
Let r(t) = -t**2 + 1. Let a(h) = 4*h**2 - 2*h**2 - 10*h + 1 - 9. Let l(b) = -a(b) - r(b). What is the units digit of l(8)?
3
Let o(s) = s**3 - 9*s**2 - 2*s + 4. Let v be o(9). Let l(f) = f**3 + 13*f**2 - 16*f - 9. What is the units digit of l(v)?
9
Suppose -2*k = -0*k + 4*k. Suppose 3*l - 161 - 52 = k. What is the tens digit of l?
7
Let t(m) = -256*m - 43. What is the tens digit of t(-4)?
8
Suppose -3*u + f - 23 = 0, -4*f = 5*u + 7 + 54. What is the tens digit of (u/36)/(2/(-152))?
1
Let v(k) = 3*k**3 + 14*k**2 + 15*k + 42. Let j(f) = -2*f**3 - 15*f**2 - 14*f - 41. Let i(y) = 4*j(y) + 3*v(y). What is the units digit of i(19)?
4
Let c(w) = 191*w**2 - 6. Let j be c(-2). Let x = -497 + j. What is the tens digit of x?
6
Suppose -w + 1 = -2*b - 6, -2*b + 4*w + 2 = 0. Let k(d) = d**2 + 2. Let l be k(b). Let n = l + 2. What is the units digit of n?
9
Suppose 194*i - 182*i - 20904 = 0. What is the thousands digit of i?
1
Suppose 3*c + 5 = 4*q, 2*q - 6*q - c = -9. Let n be q/(-5) + (-7)/(-5). What is the units digit of -5 + 15 - (n - -2)?
7
Suppose 3*a + 3138 = c, -c = -376*a + 378*a - 3128. What is the tens digit of c?
3
Suppose -69 = 2*b - 3*b. Suppose d = 3*c + b, 146 = 2*d - 2*c - 0*c. What is the units digit of d?
5
Let d(x) = x**3 - 6*x**2 + 5*x + 1. Let p(l) = l**2 + l - 1. Let z be p(-3). Let r be d(z). Let s(y) = 34*y**3 + 2*y**2 - 1. What is the tens digit of s(r)?
3
Suppose 2*s - 270 = -2*s - 3*o, -5*s + o + 328 = 0. Suppose -2*x - 66 = -2*j, -4*j + 139 = -0*x + 3*x. Suppose -5*i + j + s = 0. What is the tens digit of i?
2
What is the units digit of (-6 - -5)*(-6)/((-42)/(-5131))?
3
Suppose 0 = -4*i - i. Let d be 9 - 7 - (1 - 42). Suppose i = -2*r + d - 1. What is the units digit of r?
1
Let w(m) = -2*m**2 + 2*m + 2. Let i(j) = -2*j**2 + j + 1. Let x(d) = -5*i(d) + 4*w(d). Let b(l) = l - 7. Let z be b(10). What is the units digit of x(z)?
0
Let k(b) = -b**2 + 2*b + 1. Let z(w) = -w**2 + 3*w. Let t(u) = -3*k(u) + 2*z(u). What is the units digit of t(11)?
8
Let q = 70 + -65. Suppose -5*s + q*y - 8*y + 540 = 0, 2*s = -4*y + 216. What is the tens digit of s?
0
Suppose 0*v + 3*v + 27 = -3*x, -4*x - 41 = 5*v. Let w be (1 - 4 - v) + 4. What is the tens digit of (-2)/w + 124/12?
1
Suppose h + 36 = -x, -4*x - 42 = 3*h - 2*h. Let l = 47 + h. What is the tens digit of l?
1
Let y be 2/3*-3 + 4. Suppose 2*i - 2*r = 54, -4*i + y*r = 5*r - 129. What is the tens digit of i?
3
Let l(h) = h**3 - 6*h**2 - 8*h + 9. Let d = 53 - 29. Suppose 3*n + d = 4*v - n, -5*n - 2 = -v. What is the units digit of l(v)?
2
Let l(j) = j**3 - 6*j + 34. What is the units digit of l(9)?
9
Let m = 17 + -8. Let q = 1 + m. Let w = 25 - q. What is the tens digit of w?
1
Let v(l) = -20*l - 14. Let s(d) be the third derivative of 5*d**4/12 + 7*d**3/6 - 4*d**2. Let p(g) = 11*s(g) + 6*v(g). What is the tens digit of p(-3)?
2
Let t = 425 - 240. What is the tens digit of t?
8
Let g(f) = -f**3 + f**2 + 3*f - 2. Let r be g(2). Suppose -4*y + 0 = 3*u + 34, r = -5*u + 2*y - 48. What is the units digit of 24/15 + (-4)/u?
2
Suppose 0 = 2*x - 3*g + 7*g - 4564, 2*g + 2294 = x. What is the thousands digit of x?
2
Suppose 3*w + 13 + 5 = 0. What is the hundreds digit of (-1)/w - (-22160)/96?
2
Suppose 0 = 5*g + 3*v - 6*v - 128, 0 = -2*g - 3*v + 68. Suppose -2*u = -3*u + 5*r + g, 7 = -u - 2*r. Suppose -2*l + u*l - 25 = 0. What is the tens digit of l?
2
Suppose 0 = -32*v + 961 + 7135. What is the hundreds digit of v?
2
Let c(t) = 2*t**3 - 4*t**2 - 2*t + 3. Let d be c(4). Let z = -44 - -91. Suppose -2*p = -d - z. What is the tens digit of p?
5
Let q(v) = -144*v + 484. What is the units digit of q(-14)?
0
What is the tens digit of -11 + 111024/63 - 2/7?
5
What is the tens digit of (-1*2487)/(111/(-74))?
5
Let h(w) = 4*w**2 - 5*w + 3. Let a be h(3). Let u(z) = -z**2 - 6*z - 1. Let c be u(-5). Suppose -c*r = -2*r - a. What is the units digit of r?
2
Suppose -2*z = -2*q - 228, -5*z - 5*q + 193 = -367. What is the hundreds digit of z?
1
Let z be (-1246)/77 - (-2)/11. Let x = z - -26. Let j = x - -44. What is the units di